onvert 5 (base 16) to base 13.
5
Convert -2010 (base 3) to base 11.
-52
-4e (base 16) to base 15
-53
Convert -1133 (base 4) to base 3.
-10112
Convert -10001000 (base 2) to base 14.
-9a
What is -34 (base 6) in base 14?
-18
Convert -204 (base 5) to base 6.
-130
135 (base 6) to base 14
43
-3 (base 5) to base 11
-3
What is -f (base 16) in base 14?
-11
-1b (base 13) to base 14
-1a
Convert 631 (base 7) to base 3.
102201
Convert -12 (base 14) to base 16.
-10
Convert -130 (base 8) to base 3.
-10021
Convert -77 (base 15) to base 10.
-112
Convert -44 (base 5) to base 2.
-11000
What is 100 (base 3) in base 7?
12
20 (base 7) to base 6
22
What is 168 (base 9) in base 10?
143
Convert 57 (base 15) to base 2.
1010010
What is -154 (base 11) in base 3?
-20200
1001 (base 5) to base 12
a6
-b (base 13) to base 10
-11
Convert -10 (base 2) to base 5.
-2
What is 5 (base 16) in base 4?
11
70 (base 8) to base 5
211
What is 0 (base 16) in base 15?
0
11 (base 2) to base 15
3
1 (base 5) to base 7
1
Convert 1 (base 6) to base 5.
1
What is 44 (base 8) in base 10?
36
-273 (base 12) to base 9
-456
Convert -21 (base 4) to base 13.
-9
5 (base 7) to base 2
101
What is 0 (base 5) in base 11?
0
25 (base 12) to base 14
21
-f9 (base 16) to base 9
-306
Convert -215 (base 6) to base 10.
-83
Convert 117 (base 15) to base 5.
1442
-2 (base 13) to base 2
-10
-25 (base 12) to base 13
-23
Convert -7 (base 13) to base 3.
-21
Convert -10212 (base 3) to base 5.
-404
-4 (base 11) to base 4
-10
What is -42 (base 9) in base 13?
-2c
Convert -34 (base 9) to base 2.
-11111
What is -10222 (base 3) in base 10?
-107
-24 (base 9) to base 7
-31
Convert 66 (base 8) to base 9.
60
Convert 1 (base 9) to base 7.
1
What is -11 (base 7) in base 5?
-13
121 (base 4) to base 16
19
What is -6 (base 12) in base 7?
-6
Convert -56 (base 15) to base 6.
-213
Convert -1 (base 5) to base 8.
-1
What is 6 (base 9) in base 2?
110
Convert 1 (base 13) to base 14.
1
2 (base 8) to base 7
2
Convert 34 (base 7) to base 10.
25
Convert 6 (base 11) to base 14.
6
What is -43 (base 7) in base 16?
-1f
What is -625 (base 7) in base 10?
-313
f2 (base 16) to base 15
112
-4 (base 16) to base 9
-4
Convert -10 (base 11) to base 2.
-1011
What is -10 (base 8) in base 9?
-8
Convert -1 (base 16) to base 11.
-1
-f (base 16) to base 11
-14
What is 120 (base 4) in base 14?
1a
What is -b (base 16) in base 8?
-13
What is -1 (base 4) in base 11?
-1
-1b (base 13) to base 15
-19
What is 2 (base 6) in base 10?
2
What is -16 (base 10) in base 11?
-15
-53 (base 16) to base 11
-76
What is -6 (base 12) in base 3?
-20
Convert a (base 16) to base 9.
11
111 (base 2) to base 5
12
1 (base 6) to base 16
1
What is -10 (base 7) in base 16?
-7
Convert -1 (base 15) to base 9.
-1
48 (base 11) to base 13
40
What is 3 (base 7) in base 14?
3
2 (base 15) to base 8
2
Convert 0 (base 6) to base 13.
0
6 (base 15) to base 12
6
What is -21 (base 11) in base 7?
-32
What is 17 (base 10) in base 3?
122
-100 (base 4) to base 5
-31
Convert -332 (base 8) to base 14.
-118
What is -5 (base 7) in base 6?
-5
Convert -30 (base 4) to base 14.
-c
What is -304 (base 6) in base 14?
-80
Convert -13 (base 16) to base 4.
-103
2 (base 5) to base 16
2
Convert -3 (base 16) to base 15.
-3
Convert -5 (base 7) to base 12.
-5
What is -2 (base 7) in base 11?
-2
Convert -305 (base 8) to base 10.
-197
Convert -125 (base 10) to base 7.
-236
3 (base 10) to base 12
3
Convert -29 (base 15) to base 10.
-39
Convert 4 (base 9) to base 10.
4
1 (base 6) to base 2
1
What is 8 (base 14) in base 4?
20
-3b (base 16) to base 11
-54
What is -22221 (base 3) in base 7?
-463
-10001 (base 2) to base 6
-25
-2 (base 6) to base 3
-2
What is 42 (base 6) in base 4?
122
Convert -1 (base 4) to base 16.
-1
100120 (base 3) to base 13
16b
Convert 56 (base 8) to base 3.
1201
Convert -85 (base 10) to base 16.
-55
7 (base 11) to base 3
21
What is 5a (base 11) in base 9?
72
Convert 2 (base 16) to base 8.
2
What is -44 (base 8) in base 16?
-24
1 (base 2) to base 7
1
Convert -57 (base 10) to base 16.
-39
Convert 2 (base 14) to base 9.
2
Convert -10 (base 6) to base 8.
-6
2 (base 7) to base 11
2
Convert -7 (base 10) to base 15.
-7
Convert -1 (base 10) to base 2.
-1
3a (base 14) to base 11
48
What is 4d (base 14) in base 7?
126
5 (base 12) to base 16
5
What is 15 (base 14) in base 12?
17
202 (base 7) to base 9
121
-1 (base 3) to base 8
-1
-5 (base 12) to base 8
-5
-1b (base 16) to base 15
-1c
Convert -2 (base 5) to base 2.
-10
0 (base 3) to base 11
0
Convert -d (base 15) to base 16.
-d
5 (base 9) to base 10
5
What is 10 (base 10) in base 11?
a
-202 (base 4) to base 16
-22
-2 (base 3) to base 10
-2
What is 1 (base 10) in base 13?
1
What is -1110 (base 3) in base 5?
-124
What is -1254 (base 6) in base 16?
-142
14 (base 14) to base 5
33
What is 5 (base 10) in base 6?
5
Convert 2 (base 5) to base 10.
2
What is 21002 (base 3) in base 14?
d9
What is 13 (base 6) in base 13?
9
Convert -16 (base 7) to base 2.
-1101
What is -101110 (base 2) in base 15?
-31
Convert -7 (base 13) to base 4.
-13
What is -9d (base 14) in base 7?
-256
44 (base 15) to base 9
71
-6 (base 7) to base 15
-6
What is -62 (base 9) in base 8?
-70
4 (base 5) to base 12
4
What is -100 (base 3) in base 11?
-9
Convert -4 (base 5) to base 3.
-11
-10 (base 9) to base 5
-14
What is 14 (base 13) in base 12?
15
Convert -51 (base 14) to base 15.
-4b
What is -3 (base 15) in base 14?
-3
What is 100 (base 2) in base 14?
4
Convert -3 (base 15) to base 4.
-3
-1010010 (base 2) to base 9
-101
What is 12 (base 14) in base 5?
31
Convert -100010111 (base 2) to base 4.
-10113
Convert -112022 (base 3) to base 4.
-12002
What is -4 (base 13) in base 16?
-4
What is 205 (base 10) in base 7?
412
What is -12 (base 13) in base 6?
-23
What is 4 (base 5) in base 14?
4
-69 (base 11) to base 15
-50
What is -314 (base 6) in base 9?
-141
What is -234 (base 6) in base 8?
-136
What is -110 (base 8) in base 15?
-4c
-d3 (base 15) to base 8
-306
Convert -7 (base 16) to base 10.
-7
What is -10 (base 7) in base 10?
-7
121 (base 8) to base 12
69
-12 (base 15) to base 3
-122
-11100110 (base 2) to base 10
-230
-27 (base 11) to base 16
-1d
Convert -110 (base 3) to base 16.
-c
What is 0 (base 11) in base 7?
0
1 (base 3) to base 6
1
What is 3 (base 8) in base 2?
11
What is -29 (base 16) in base 9?
-45
-31 (base 6) to base 9
-21
4 (base 6) to base 11
4
Convert 10 (base 5) to base 8.
5
-4 (base 9) to base 15
-4
Convert -31 (base 4) to base 9.
-14
Convert 312 (base 5) to base 14.
5c
Convert -3 (base 11) to base 2.
-11
What is 0 (base 9) in base 12?
0
-5 (base 11) to base 13
-5
What is -1 (base 14) in base 2?
-1
Convert -11 (base 6) to base 7.
-10
Convert -17 (base 9) to base 12.
-14
What is 22 (base 6) in base 5?
24
-24 (base 9) to base 11
-20
11 (base 4) to base 8
5
Convert 2 (base 4) to base 6.
2
What is 20 (base 5) in base 8?
12
Convert 36 (base 14) to base 8.
60
What is 1b (base 16) in base 2?
11011
-198 (base 14) to base 16
-14a
Convert -11011111 (base 2) to base 3.
-22021
-26 (base 11) to base 13
-22
Convert 22 (base 4) to base 14.
a
What is 8 (base 16) in base 11?
8
Convert -3 (base 4) to base 3.
-10
a (base 16) to base 8
12
114 (base 6) to base 15
31
Convert 4 (base 14) to base 7.
4
What is -1 (base 7) in base 5?
-1
What is -6 (base 16) in base 7?
-6
-19 (base 13) to base 11
-20
What is -a1 (base 14) in base 8?
-215
-35 (base 10) to base 6
-55
What is 87 (base 9) in base 6?
211
-101 (base 5) to base 13
-20
Convert -113 (base 7) to base 16.
-3b
-11 (base 2) to base 15
-3
What is 28 (base 12) in base 10?
32
4 (base 13) to base 3
11
What is 2 (base 12) in base 5?
2
Convert 6 (base 8) to base 9.
6
What is 11 (base 7) in base 2?
1000
What is -10 (base 2) in base 13?
-2
-13 (base 4) to base 15
-7
Convert -1202 (base 3) to base 2.
-101111
What is -44 (base 6) in base 9?
-31
-26 (base 14) to base 12
-2a
What is 20 (base 13) in base 14?
1c
0 (base 13) to base 8
0
Convert -144 (base 5) to base 6.
-121
What is -2 (base 3) in base 13?
-2
Convert 36 (base 16) to base 14.
3c
Convert d (base 14) to base 12.
11
-12 (base 11) to base 9
-14
What is 88 (base 14) in base 9?
143
What is -3 (base 4) in base 6?
-3
What is -b (base 12) in base 10?
-11
What is 212 (base 9) in base 13?
104
What is -11 (base 16) in base 6?
-25
-181 (base 9) to bas